 = -17. What is the greatest common divisor of n and y?
5
Suppose 0 = 6*g - 2736 + 1872. Suppose 0*r - 135 = -5*r. What is the greatest common divisor of r and g?
9
Let l(v) = -2*v. Let z(t) = -150*t**2 - 2*t - 27. Let i(w) = -5*l(w) - z(w). Let u be i(-2). Calculate the greatest common factor of u and 9.
9
Let i(s) = -s**2 + 3*s + 23. Let l be i(-16). Let o = 537 + l. Suppose 7*u + 9*u - o = 0. Calculate the highest common factor of u and 176.
16
Let q = 55 - 55. Suppose 5*w - 10 = q, 7 = 5*k - w - 11. Let d be (-5 + 3)*1/k*-22. Calculate the greatest common divisor of d and 11.
11
Suppose 19211 = 10*k - 37189. Calculate the greatest common factor of 10 and k.
10
Suppose -65*r - 22*r + 28985 = -2*r. What is the highest common divisor of r and 187?
11
Let x be (2/(-6))/(12/(-6876)). Let p = x - 128. Let u be 133/(-21) + 6 - (-64)/3. Calculate the greatest common factor of u and p.
21
Suppose -3*n - 75 - 14 = 2*t, -5*t + 5*n = 185. Let s = 52 + t. Suppose 5*y - 129 = -5*m + 126, 0 = 5*y - 15. What is the greatest common divisor of s and m?
12
Let y = 186 + -159. Let q be (2/(-1))/(-1) + -11 + 10. What is the greatest common divisor of q and y?
1
Let h(p) = 2*p**2 - 33*p + 22. Let d be h(16). Suppose 0 = -d*l + 7*l - 3*f - 44, 4*l - 194 = 3*f. What is the highest common divisor of l and 15?
5
Let b(t) = -7*t**2 - 8. Let g(u) = -14*u**2 + u - 15. Let z(h) = 7*b(h) - 4*g(h). Let y be z(2). What is the greatest common divisor of 108 and y?
12
Suppose -t + 8113 = 2*i + 1475, 0 = 3*t - i - 19907. What is the highest common factor of 588 and t?
84
Let z(q) = 2*q**3 + 12*q**2 + 4*q - 10. Let g be z(-5). Let s be (1 + -646)*((-72)/54 - 0). What is the greatest common divisor of s and g?
20
Let v = 540 + -1093. Let r = -454 - v. Calculate the greatest common divisor of r and 9.
9
Suppose -3*p = 20 - 56. Suppose 4*z + p = 3*g, 0*g = 2*g. Let h be z + (14 - 4) + 0. What is the greatest common divisor of h and 28?
7
Let p be (133/4)/((-182)/(-728)). Calculate the greatest common divisor of 76 and p.
19
Suppose 833 = 46*z - 39*z. Let g = z + -107. Calculate the highest common factor of g and 8.
4
Suppose 31 + 41 = 9*g. Let n(d) = 11 + 15 - g - d. Let z be n(6). What is the greatest common factor of z and 12?
12
Let m(w) = w**3 + 24*w**2 + 92*w - 1. Let p be m(-19). Calculate the greatest common factor of 581 and p.
7
Suppose 0 = 3*p + u - 19, 4*u = 2*p - 8 - 14. Suppose -d = -4*d + 420. Calculate the greatest common factor of d and p.
7
Let b = 20 - 45. Let x(h) = -h**3 - 26*h**2 - 24*h + 29. Let g be x(b). What is the highest common divisor of g and 36?
4
Suppose 0 = -5*b - m + 160, 3*b - 5*m - 160 = -2*b. Suppose -252 = -33*r + b*r. What is the highest common factor of r and 112?
28
Let u = -28 + 37. Suppose -2*f - u = -5*b, -f - 3*b + 47 = 3*f. Suppose -d = f - 12. Calculate the highest common divisor of d and 20.
4
Let t(b) = 2*b**2 + 4*b + 6. Let q be t(-6). Let n be (-11 + (5 - (-9 + 4)))*(-83 + 2). Calculate the greatest common factor of n and q.
27
Suppose 14 = 5*f + 384. Let d = f - -114. Let t = d - 24. Calculate the greatest common divisor of 48 and t.
16
Suppose 9*m = -4*u + 7*m + 252, -4*u + 252 = -3*m. Calculate the greatest common factor of 504 and u.
63
Let b = 132 + -47. Suppose t + 8 = -t + 2*w, -t - 3*w + 4 = 0. Let p be (-1 + t)*85/(-15). Calculate the greatest common factor of p and b.
17
Suppose -p - 3*s - 1 = -17, 0 = 5*p - 2*s - 12. Let l(t) = 3 - 3 + 2 - p + 9*t**2 + 3*t. Let n be l(1). Calculate the highest common divisor of n and 90.
10
Let i be 2280375/21375 - (-12)/38. Calculate the greatest common factor of i and 6313.
107
Let v(r) = -r**2 - 143*r - 3368. Let q be v(-30). What is the highest common factor of 1562 and q?
22
Suppose -18 = 5*k - 738. Let r(z) = z**2 - 13*z + 138. Let n be r(6). Calculate the greatest common factor of n and k.
48
Let a be 0 - (-4)/1 - (128 - 126). Suppose 5*u = 4*u + 5, -37 = -3*n - a*u. Calculate the highest common divisor of 198 and n.
9
Suppose 49*p = 46*p + 66. Let s(d) = -d + 166. Let g be s(0). Suppose 2*b + 34 - g = 0. Calculate the highest common factor of p and b.
22
Let m(h) = 13*h**2 + 13*h + 25. Let d be m(-2). Let z(p) = 21*p - 41. Let a be z(6). Calculate the highest common factor of a and d.
17
Let j = -179 - -323. Let k be (-8)/(-5)*((0 - 3) + 33). Calculate the greatest common divisor of k and j.
48
Let k(b) = b**3 - 4*b**2 - 2*b + 7. Let t be k(6). Let z = t + 69. Calculate the highest common divisor of z and 34.
34
Let w = 0 + 15. Let a be ((-1)/5)/(63/(-4725)). Calculate the greatest common factor of w and a.
15
Let v = -429 - -638. Let g be -1 + ((-6)/(-9) - (-56)/24). Let h be (68/(-12) + 6)*(g - -55). What is the highest common factor of v and h?
19
Suppose -2*b - 4494 = 4*z, 5*b = -4*z - 0*b - 4491. Let n be z/(-20) - 1/5. What is the highest common factor of 8 and n?
8
Let k be -5 + 4 - (-16 + 31 - 19). Suppose o = 5*o - 144. Let g = -3 + o. What is the greatest common divisor of k and g?
3
Let n be 92/15 + (-6)/45. Let i be 109 + -5*1/(0 - 1). Calculate the highest common divisor of n and i.
6
Suppose -1564 - 432 = -4*n + 2*m, 0 = -2*n + 3*m + 994. Calculate the greatest common factor of n and 160.
20
Let m(j) = -78*j - 239. Let u be m(-3). Let y be 360/u*50/(-40). Calculate the highest common factor of y and 162.
18
Suppose -2*a + 8 = 2*v + 2, 0 = 2*v + 2. Let m be 15/30 + 5/2. Suppose -5*q = -j - 14, a*j + 2*q = m + 7. What is the greatest common divisor of 7 and j?
1
Let j(b) = -2*b**2 + 40*b + 321. Let a be j(-6). Calculate the highest common factor of 354 and a.
3
Let w be (0 - 2/1) + 3. Suppose -10794*c - 496 = -10825*c. Calculate the greatest common divisor of c and w.
1
Suppose 0 = -4*i + 28*i. Let v = i - -116. What is the greatest common divisor of 29 and v?
29
Let j be ((-39)/(-2))/(174/1508). Calculate the highest common divisor of 117 and j.
13
Let y(t) = 236*t - 6. Let c be y(1). Let v be 60/45*(-15)/(-2). What is the highest common divisor of c and v?
10
Let w be 6*-1*(-1428)/(-24). Let c = w - -510. Calculate the highest common factor of 17 and c.
17
Suppose -2*r - 3*r + 425 = 0. Suppose 5*z - 3*m = 1281, -4*z - 304 = -8*m - 1340. Calculate the greatest common divisor of z and r.
85
Suppose -12 = -2*f + 44. Let a = -79 + f. Let k be 506/34 - 6/a. Calculate the greatest common divisor of k and 10.
5
Let z = -823 + 897. Suppose 80 = x - z. Calculate the greatest common factor of 66 and x.
22
Let p = 16 - -3. Suppose 5*b = -341 - 519. Let m = b - -381. What is the highest common factor of m and p?
19
Suppose -125*i - 75*i + 23*i + 4248 = 0. Calculate the greatest common divisor of 6546 and i.
6
Let j(d) = -3*d**2 + 56*d - 8. Let h be ((-8)/7)/(7/(-98)). Let u be j(h). Calculate the highest common divisor of u and 40.
40
Let i = -7243 - -7270. Calculate the greatest common divisor of 1917 and i.
27
Suppose 34*c - j = 36*c - 113, -j + 173 = 3*c. What is the greatest common divisor of 608 and c?
4
Let l = 10513 + -10249. What is the greatest common factor of 1408 and l?
88
Let x be (-484)/(-3) - ((-55)/15 + 4). Let j = 165 - x. Let v = 17 - 7. Calculate the highest common factor of v and j.
2
Let b(h) = 345*h - 486. Let g be b(2). What is the greatest common factor of g and 918?
102
Let x be 10/6*(13 - 10)/1. What is the greatest common factor of x and 1555?
5
Let u(o) = -59*o - 1947. Let d be u(-35). Calculate the highest common divisor of 2419 and d.
59
Suppose 6*a + 36 = -12*a. Let z be a*(-3)/(-18) - (-744)/18. Calculate the highest common divisor of 451 and z.
41
Let o(n) = 16*n + 16. Let d be o(-1). Let l be 32 + (-4)/(-12)*d - 2. Calculate the greatest common factor of l and 330.
30
Let z(l) = 33*l - 803. Let r be z(27). Let b = 131 - 76. Calculate the highest common divisor of b and r.
11
Suppose n - 45 = 4*a - 399, 0 = -5*a + n + 442. Let k be (-6)/14 - (-2006)/238. What is the highest common factor of k and a?
8
Let v(j) = -2*j**3 - 7*j**2 - 9*j + 8. Let z be v(-5). Let p(l) = 2*l - 36. Let a be p(26). What is the highest common divisor of z and a?
16
Let z be ((-1)/3)/((-1)/33). Let h = -7701 + 7976. Calculate the highest common divisor of z and h.
11
Let i(d) = 11*d - d**3 + 4*d**2 - 14*d**2 + 3 + 0 + 0*d**2. Let k be i(-11). Suppose -c + 192 = k*